m/(-27) + 137/9 is divided by 8.
7
Let c(h) = h**3 - 5*h**2 + h + 1. What is the remainder when c(7) is divided by 27?
25
Let w(j) = -j + 6. Let l be w(7). Suppose -b + 9 = -5*h - 13, 5*h = -15. What is the remainder when (-1 - 2*l) + 12 is divided by b?
6
What is the remainder when 59 is divided by (-396)/(-27) + 2/6?
14
Let b(j) = -6*j**3 - 3*j**2 - 3*j - 1. Let p(y) = 2*y**3 + 14*y**2 + 8*y - 13. What is the remainder when b(-2) is divided by p(-6)?
8
Suppose 5*m = 2*z - 13, -2*m + 6*m = 4*z - 56. Let n = 64 + -43. Let q = n + z. What is the remainder when q is divided by 14?
12
Suppose 5*x + 1 - 26 = 0. Suppose 3*c = 6*c - 24. Let i = c - 6. What is the remainder when x is divided by i?
1
Let m = 14 + -9. Calculate the remainder when 29 is divided by m.
4
Let l be 1/(-5) + 48/(-10). Let v = l + 5. Suppose 5*u + y - 39 = v, -2*u + 11 = 2*y + 3*y. Calculate the remainder when u is divided by 5.
3
Let m(x) = -46*x - 3. Calculate the remainder when m(-2) is divided by (46/1)/(1 - -1).
20
Let u be 2 - ((-2 - 222) + -1). Suppose 5*q - u = -a, 4*a + 143 = 3*q + 8*a. What is the remainder when q is divided by 23?
22
Let s = 61 + -43. Calculate the remainder when 53 is divided by s.
17
Suppose 2*b = -i - 3*b + 38, 5*i + 4*b = 190. What is the remainder when i is divided by ((-4)/(-6))/((-8)/(-156))?
12
Suppose -2 - 2 = -d. Calculate the remainder when 6 is divided by d.
2
Let r = 11 - 8. Suppose 4*f - 88 = -4*y, 0 = -2*f + r*f + 5*y - 42. What is the remainder when f is divided by (-3)/4*(1 - 9)?
5
Calculate the remainder when 22 is divided by (-6)/4*(-8)/3.
2
Suppose 2*t - u - 4*u - 14 = 0, -5*t - 2*u = 23. Let j(o) = 2*o**2 - o. Let v be j(2). Let q = v + t. Calculate the remainder when 7 is divided by q.
1
Suppose a = 6*a - 15. Suppose 4*i - a*i = 3. Suppose n + 1 = 8. What is the remainder when n is divided by i?
1
Suppose 55 = -0*p + 5*p. Calculate the remainder when 19 is divided by p.
8
Suppose 2*i + 3*i = 30. Let f be (-4 + 8)*i/4. Let j(h) = -h**2 + 10*h - 8. Calculate the remainder when 31 is divided by j(f).
15
Let h(p) = 19*p - 6. Calculate the remainder when h(1) is divided by 4.
1
Suppose -3*t + 19 = 2*o, -4*o + 2*t = -37 + 7. Calculate the remainder when 13 is divided by o.
5
Let w(k) = 5*k - 2. Suppose -3*u = -u - 44. What is the remainder when u is divided by w(2)?
6
Suppose 5*r - 16 - 4 = 0. What is the remainder when 7 is divided by r?
3
Suppose 5*y - 27 = 38. Let f = 47 - y. Calculate the remainder when f is divided by 12.
10
Let m(x) = -x**3 - 9*x**2 + 2*x - 23. What is the remainder when m(-10) is divided by 12?
9
Suppose -7*b + 70 = -56. Calculate the remainder when 29 is divided by b.
11
Suppose 0 = -88*j + 87*j + 25. Calculate the remainder when 73 is divided by j.
23
Let p(u) = -u**2 - 10*u - 9. What is the remainder when p(-7) is divided by (-65)/(-15) - (-4)/6?
2
Let u = -101 + 49. Let h = 88 + u. Let r = -45 + 64. What is the remainder when h is divided by r?
17
Suppose 3*q - 3*a + 0 = 24, 5*q + 4*a = 31. Suppose y - q = 20. Suppose -o - n + 27 = o, -o - 5*n = -y. Calculate the remainder when 22 is divided by o.
10
Let o(s) = 2 - 4*s + 3*s - s. Let p(m) = -12*m - 2. Calculate the remainder when p(-2) is divided by o(-3).
6
Suppose 4*t - 62 = 34. Let s = t + -10. Let r = -43 + 69. What is the remainder when r is divided by s?
12
Let y(x) = 15*x. Let m be y(-1). Let h = m + 37. Let g = 27 + -15. What is the remainder when h is divided by g?
10
Suppose -4*d + 52 = g, -4*g + g = 3*d - 147. Suppose -3*j - g = -6*j. Calculate the remainder when j is divided by (108/(-30))/((-4)/10).
7
Let x(m) = 13*m - 1. Let f = 8 + -7. What is the remainder when 45 is divided by x(f)?
9
Suppose -4*d - 52 = -3*l, -68 = 3*d - 2*l + 7*l. Calculate the remainder when (-1*1)/(4/d) is divided by (3*-1)/((-2 - 3)/5).
1
Let j(l) = -l**3 - 9*l**2 + 9*l + 4. What is the remainder when 41 is divided by j(-10)?
13
Suppose -3*p + 140 = -19. Calculate the remainder when 104 is divided by p.
51
Let x = 49 - 20. What is the remainder when x is divided by 15?
14
Calculate the remainder when 197 is divided by 2/10 + 796/(-20)*-1.
37
Suppose 2*m - 2*j - 10 = 0, 4*m - 3*j - 7 - 13 = 0. What is the remainder when m is divided by 2?
1
Suppose 0 = s - 0 - 14. Let y = 9 + -4. What is the remainder when s is divided by y?
4
Let a(h) = h**3 - h**2 - h + 10. Suppose 0 = -5*d + 15, -2*d = 4*b - 9*b - 6. Calculate the remainder when 48 is divided by a(b).
8
Let o(c) = -c + 4. Let q be (-2)/15 + 310/75. Suppose 4*d - 132 = q*k, -3*d = 3*k - 5*k - 94. What is the remainder when d is divided by o(-6)?
8
Let r(v) = 17*v**2 - 1. Let b be r(1). Suppose -4*n = b - 60. Let y = -34 + 54. Calculate the remainder when y is divided by n.
9
Suppose o - 2*d = 3*d + 147, 0 = 4*o + 3*d - 588. Calculate the remainder when o is divided by 37.
36
Let i(l) = -l**3 - l**2 + 2*l - 1. Let w be i(3). Let n = -21 - w. Calculate the remainder when 29 is divided by n.
9
Suppose 2*p = 3*p - 21. Calculate the remainder when (-4)/(-8) + 369/6 is divided by p.
20
Suppose -5*z = l - 78 + 27, -l - 3*z = -49. Calculate the remainder when l is divided by 12.
10
Suppose 31 = 4*q + 3. What is the remainder when 13 is divided by q?
6
Let r = 44 - 36. Let l = -4 - -9. Suppose -42 = -l*w + 2*w. Calculate the remainder when w is divided by r.
6
Suppose 55 = 2*z + 3*z. Calculate the remainder when 32 is divided by z.
10
Let h = 33 - 10. Let w(o) = o**2 + 8*o + 24. Calculate the remainder when h is divided by w(-4).
7
Let r be 5/1*28/(-10). Let g = 8 + r. Let i(y) = y**2 + 6*y + 3. Calculate the remainder when 8 is divided by i(g).
2
Suppose 12 = -4*q, -5*s = -0*q - q - 148. Suppose -6*p = -4*p - 40. Let a = p + -10. Calculate the remainder when s is divided by a.
9
Suppose 6*g - 79 - 59 = 0. What is the remainder when g is divided by 5?
3
Suppose 0 = u + 3*y - 32, 0 = -5*u + 4*y + y + 60. What is the remainder when 3 + 1 + (-7 - 2)*-3 is divided by u?
14
Let v(g) = g**2 - 15. What is the remainder when 18 is divided by v(5)?
8
Suppose -3*k - 3*k = -24. Suppose k*g - 7 - 113 = 0. Calculate the remainder when g is divided by 8.
6
Suppose 0*a + 4*a = 16. What is the remainder when a is divided by 3?
1
Let d(i) = -i**2 + 6*i + 4. Suppose 4*m = -m + 10. Suppose -15 + 1 = -m*v. Calculate the remainder when v is divided by d(6).
3
Let r(v) = 2*v**2 - 4*v + 2. Suppose -1 = -2*c + k + 7, -k = -2. Calculate the remainder when 127 is divided by r(c).
31
Let k(h) = -9*h + 2. Let g be k(-2). Suppose 2*y + g = 4*y. Suppose 2*v - y = -3*v + j, 4*j = -20. What is the remainder when v is divided by 1?
0
Let n(g) = -g**3 + 5*g**2 + 2*g + 4. Let k(f) = -f**3 + 6*f**2 + 2*f + 5. Let w(b) = -3*k(b) + 4*n(b). Calculate the remainder when w(-2) is divided by 4.
1
Let k(d) = d**3 + 5*d**2 - 8*d - 8. Let x be k(-6). Suppose -x*r + 2*r = -20. What is the remainder when 29 is divided by r?
9
Suppose 24 = -k - 2*u + 5, 0 = 3*k - 5*u + 35. What is the remainder when 2/(-5) + (-516)/k is divided by 9?
7
Let d(u) = -u**3 - 8*u**2 - 8*u + 9. Calculate the remainder when d(-8) is divided by 15.
13
Suppose -5*z - 20 = 5*h, 4 = -z + 2. Calculate the remainder when 31 is divided by -2*(119/h)/7.
14
What is the remainder when (8/(-4) - -4)/(2/135) is divided by 34?
33
Let v(j) be the first derivative of 0*j - 3 - 5/2*j**2. What is the remainder when v(-7) is divided by 12?
11
Suppose 0*a - 3*l - 347 = -5*a, 5*a = l + 339. Calculate the remainder when a is divided by 14.
11
Let c(l) = -l**2 - 15*l - 4. Suppose -2 + 30 = 2*t. Calculate the remainder when c(-11) is divided by t.
12
Suppose 30 = 20*p - 18*p. Calculate the remainder when 42 is divided by p.
12
Calculate the remainder when 21 is divided by (14/(-8))/(12/(-96)).
7
Suppose 0 = 5*o + 23 - 88. Let h = 2 - 2. Suppose h = -3*x + 3 + 3, -4*x + 36 = 4*g. What is the remainder when o is divided by g?
6
Let a(o) = -4*o + 5. What is the remainder when a(-9) is divided by 14?
13
Suppose 0 = 2*v - 19 - 151. What is the remainder when v is divided by 22?
19
Suppose 0 = -3*q + 4*b + 93, 3*q - b - 93 = -2*b. Let x = -15 + 23. Calculate the remainder when q is divided by x.
7
Calculate the remainder when (-22)/(-8)*336/12 is divided by 20.
17
Let p(h) = h**3 - 3*h**2 - h + 2. Suppose -4*q + 165 = 